*n = -0*n + 611, -2*j = 4*n - 254. Let y = -9 + 69. Calculate the remainder when j is divided by y.
59
Let c be (-30)/9*(-231)/14. Suppose 0 = -0*m - 11*m + c. Calculate the remainder when 172 is divided by m.
2
Suppose 44 + 22 = 3*i. Let t(d) = 23*d**2 - 595*d + 20. Calculate the remainder when t(26) is divided by i.
10
Suppose -50*h + 1600 = -25*h + 75*h. Let f(c) = 2*c**2 + 11*c - 4*c - 2*c**2 + 1 + c**2. Calculate the remainder when f(6) is divided by h.
15
Let n = -1951 + 1994. What is the remainder when 62 is divided by n?
19
Suppose -6*a + 5*a + 87*a - 977390 = 0. Calculate the remainder when a is divided by 14.
11
Let x = 2003 - 1278. Calculate the remainder when x is divided by 35.
25
Let h = 206 + -214. Suppose -3*b + b - 18 = 0. What is the remainder when 82 is divided by (h/(-2))/(2 + 15/b)?
10
Suppose -3*m - 2*i + 69 = 0, -m - 3*i + 4 + 33 = 0. What is the remainder when 3890 is divided by m?
14
Let g = 87 + -36. Suppose -1677*o + 626*o + 122568 - 19570 = 0. Calculate the remainder when o is divided by g.
47
What is the remainder when 539 is divided by 2/((-12)/56*2/(-6)) + 5?
11
Let i = -406 + -422. Let w = i - -840. What is the remainder when w is divided by 4?
0
Let l = -124 + 155. Suppose -1859 = -l*d + 11471. Calculate the remainder when d is divided by 27.
25
Suppose 100639 = 85*b - 147051. Calculate the remainder when b is divided by 9.
7
Suppose -98*b - 113*b + 18560 = -66*b. What is the remainder when 5250 is divided by b?
2
Let y = -147 - -152. Suppose -3*w = -b - 13, -3*w = -5*b - 0*w - y. Calculate the remainder when 3 is divided by b.
1
Let o(s) = 14*s - 31*s - 110 + 13*s. Calculate the remainder when o(-34) is divided by 7.
5
Let w = 1735 - 1648. Let z = 24 + 4. What is the remainder when w is divided by z?
3
Suppose -609*w + 1374 = 5*d - 606*w, 4*w - 1096 = -4*d. Calculate the remainder when 1904 is divided by d.
248
Suppose 25*u - 211 = -3*a + 23*u, -5*u + 10 = 0. What is the remainder when 273 is divided by a?
66
Let m(q) = q**3 + 17*q**2 + 29*q + 45. Suppose -405 = 62*u - 35*u. What is the remainder when 419 is divided by m(u)?
59
Let f(x) = 353*x**2 + 112*x - 225. What is the remainder when f(2) is divided by 7?
4
Let j = -473 + 492. What is the remainder when j is divided by 10?
9
Suppose 853 = 74*i - 71*i - 5*c, -3*i = 4*c - 835. What is the remainder when 569 is divided by i?
7
Let y(z) = 3*z**2 - 36. Suppose -92 = -w - 33. Calculate the remainder when y(-7) is divided by w.
52
Let s = -4098 + 4151. What is the remainder when 1058 is divided by s?
51
Let o be 1*(-5)/10*-18. Suppose -5*r = 4*m - 327, 14*m - o*m - 402 = -4*r. What is the remainder when m is divided by 43?
35
Let n be (8/(-3))/(3/(-189)). Suppose 0 = 2*j + b - n, -b + 271 - 19 = 3*j. Suppose 6*p = -0*p + j. Calculate the remainder when 24 is divided by p.
10
Let y(v) be the third derivative of v**5/20 - v**4/24 + v**3/3 + 14*v**2. Let z be y(1). Calculate the remainder when 11/(42/10 - z) is divided by 19.
17
Let v(a) = 5*a**3 + 14*a - 13*a - 3*a**3 + 10*a**2 + 1. Let i be v(-5). What is the remainder when 32 is divided by ((-17)/4 - i)*-52?
6
Calculate the remainder when 2039 is divided by 5/(1/(-12)*(-4 - 6)).
5
Let w(x) = 2*x**2 + 5*x. Let i(d) = 2*d + 67. Let p(c) = 68. Let r(j) = 3*i(j) - 4*p(j). Calculate the remainder when w(-5) is divided by r(14).
12
Let x = 19859 - 19384. What is the remainder when 968 is divided by x?
18
Calculate the remainder when 3027 is divided by (5 - 54/9)*30/(-3).
7
Let q = -3343 + 3450. What is the remainder when 1514 is divided by q?
16
Suppose -5*i - 315 = u - 273, -2*u - 3*i = -7. Suppose -2*j + 5*r = 2*j - 473, 351 = 3*j - 3*r. Calculate the remainder when j is divided by u.
20
Suppose k - 31 + 2 = 0. What is the remainder when (-1 - -1)/(-3) + (k - 6) is divided by 14?
9
What is the remainder when 11542 is divided by (-16)/168 + (-412)/84 + 73 + 6?
72
Suppose 0 = s - 0*s - 4*z - 15, -s - 3*z - 6 = 0. Suppose 0 = -5*c + s*c + 6. Calculate the remainder when ((-435)/(-12) - c) + (-1)/4 is divided by 9.
6
Let y(l) = l**3 - 40*l**2 - 10*l + 307. Let i be y(40). Let v be 2/(-3) + (-166)/3. Let p = v - i. Calculate the remainder when p is divided by 13.
11
Suppose 7 = m + 5*k, -3*m - 5*k + 7*k = 30. Let j = m + 12. Suppose -3*p - d + j*d = -111, -p - 3*d = -45. Calculate the remainder when 113 is divided by p.
35
Suppose -5*d + 0*d + 95 = 2*b, -5*b + 4*d = -188. Let z be ((-318)/(-9))/(30/45). Let g = z - b. Calculate the remainder when 24 is divided by g.
11
Suppose 11*h = -16*h + 243. What is the remainder when 1322 is divided by h?
8
Let b = -63 - -62. Let m(q) = 3*q**2 - q - 1. Let z be m(b). Suppose u + 3*u - 50 = z*o, -2*o = 2*u - 32. What is the remainder when 39 is divided by u?
11
Suppose -5*u = 3*k - 2622, 114*u - 110*u - 3504 = -4*k. What is the remainder when k is divided by 21?
18
Suppose 4*x - 56*w - 3187 = -55*w, 4777 = 6*x - w. What is the remainder when 4772 is divided by x?
2
Let z = -4284 - -5131. What is the remainder when z is divided by 91?
28
Suppose -2*i + 7*h + 161 = 6*h, 0 = 5*h - 5. What is the remainder when i is divided by ((-12)/(-9))/2*3?
1
Suppose -i - o = 2, -8*o - 8 = -2*i - 4*o. Suppose w - 221 + 217 = i. What is the remainder when 104 is divided by w?
0
Let c(j) = -j**2 + 10*j - 9. Let x(o) = -2*o**2 - 2*o + 118. Let t(m) = 29*m - 225. Let r be t(8). What is the remainder when c(7) is divided by x(r)?
0
Let r = 9977 - 9867. Suppose 0 = -4*y + f + 119, -2 + 13 = y - 4*f. Calculate the remainder when r is divided by y.
17
Let p = 42 + -42. Suppose 3*g + 9 = -p*g. Calculate the remainder when g/12 + (-243)/(-12) + -3 is divided by 2.
1
Let t = -281 - 36. Let k = t + 321. Calculate the remainder when k is divided by 1.
0
Suppose -23*h + 57*h - 23*h - 6589 = 0. Calculate the remainder when h is divided by 86.
83
Suppose -18*x + 120 + 397 = -2525. What is the remainder when x is divided by 7670/90 + 4/(-18)?
84
Let m(w) = 429*w + 891. Calculate the remainder when 116 is divided by m(-2).
17
Suppose 60*v = 479 + 2401. What is the remainder when 267 is divided by v?
27
Let c(v) = v**2 - 29*v - 995. Calculate the remainder when c(59) is divided by 30.
25
Suppose 0 = 9*a - 4*a + 5*a. Suppose 26*q - 33*q + 539 = a. Calculate the remainder when q is divided by 13.
12
Suppose 14*r - 684 = 565 - 283. Calculate the remainder when r is divided by 30.
9
Suppose 0 = -3*y + 5*j + 164 + 359, -7 = -7*j. Calculate the remainder when 871 is divided by y.
167
Let n = 232 + -202. Suppose -3*l = -6*l + 186. What is the remainder when l is divided by (-6)/n*-2*60?
14
Let v(i) = i + 1. Let g(a) = -22*a + 24. Let c = -118 - -106. Let q(n) = c*v(n) - g(n). Calculate the remainder when q(5) is divided by 2.
0
Let q = -612 + 1280. Let b = -544 + q. Calculate the remainder when b is divided by 43.
38
Let x(m) = -4*m - 42. Let y be x(-11). Suppose -j = -3*j + r - y, 5*r = -5*j + 10. Suppose j = -f + 11 - 4. Calculate the remainder when 12 is divided by f.
5
Suppose i - 4*i = 4*z - 418, 4*i = 5*z + 609. What is the remainder when i is divided by 4?
2
Suppose 80 = 5*s - 715. Let u = -86 + s. What is the remainder when u is divided by 25?
23
Suppose -y = 8*y + 666. Let u = y + 86. Calculate the remainder when 57 is divided by u.
9
Suppose 2*s = s - 1, 4*s - 170 = -i. Calculate the remainder when 516 is divided by i.
168
Suppose 7*c - 142 = 250. Suppose c*t = 51*t - i + 109, 0 = 5*t - i - 111. Calculate the remainder when 172 is divided by t.
18
Let y(k) = 2*k**3 - 200*k**2 - 257*k + 156. Calculate the remainder when y(102) is divided by 40.
38
Let t be (-4 + 2 - -1) + 13. Suppose l = t + 50. Suppose -22*d + 110 = -242. Calculate the remainder when l is divided by d.
14
Let i be 8*(-10)/(-4)*(-1)/(-4). Suppose 3*z - 74 = -n - n, 0 = -i*z + 2*n + 150. Let s = 53 + 1. Calculate the remainder when s is divided by z.
26
Let x(y) = -6*y - 5. Let f be x(-4). Suppose f = l - 30. Calculate the remainder when l is divided by 14.
7
Let n = 23 + -1. Let l = -78 - -76. What is the remainder when n is divided by l/(66/17 + 8/(-2))?
5
Suppose 4*a - 3*a - 4*o = 47, a - 51 = 5*o. What is the remainder when 709 is divided by a?
27
Let j(t) = t**2 + 6. Calculate the remainder when 163 is divided by j(-7).
53
Suppose 0 = 3*h +